late the remainder when 1484 is divided by 247.
2
Calculate the remainder when 45199 is divided by 658.
455
What is the remainder when 14580 is divided by 70?
20
What is the remainder when 898 is divided by 290?
28
What is the remainder when 156973 is divided by 39?
37
Calculate the remainder when 58230 is divided by 448.
438
Calculate the remainder when 77342 is divided by 87.
86
What is the remainder when 827429 is divided by 538?
523
What is the remainder when 25343 is divided by 813?
140
What is the remainder when 786784 is divided by 6?
4
What is the remainder when 3320 is divided by 1618?
84
Calculate the remainder when 10691 is divided by 222.
35
What is the remainder when 1134 is divided by 27?
0
Calculate the remainder when 891230 is divided by 67.
63
Calculate the remainder when 2149 is divided by 861.
427
Calculate the remainder when 311 is divided by 101.
8
What is the remainder when 272551 is divided by 248?
247
What is the remainder when 5943 is divided by 4?
3
What is the remainder when 214298 is divided by 87?
17
What is the remainder when 212231 is divided by 21223?
1
What is the remainder when 5037 is divided by 11?
10
What is the remainder when 11464 is divided by 2291?
9
What is the remainder when 7909 is divided by 1315?
19
What is the remainder when 19655 is divided by 610?
135
What is the remainder when 123934 is divided by 401?
25
Calculate the remainder when 15071 is divided by 171.
23
Calculate the remainder when 6489 is divided by 460.
49
Calculate the remainder when 1580551 is divided by 9.
7
What is the remainder when 10201 is divided by 3318?
247
What is the remainder when 1249134 is divided by 218?
212
What is the remainder when 5447 is divided by 74?
45
What is the remainder when 1861482 is divided by 3?
0
Calculate the remainder when 5944 is divided by 25.
19
Calculate the remainder when 81567 is divided by 27185.
12
What is the remainder when 100782 is divided by 74?
68
Calculate the remainder when 11992 is divided by 11988.
4
What is the remainder when 815 is divided by 53?
20
What is the remainder when 17286 is divided by 4?
2
Calculate the remainder when 53169 is divided by 52965.
204
Calculate the remainder when 29458 is divided by 4.
2
What is the remainder when 564 is divided by 87?
42
What is the remainder when 594142 is divided by 478?
466
Calculate the remainder when 212 is divided by 175.
37
What is the remainder when 2257 is divided by 853?
551
What is the remainder when 88940 is divided by 563?
549
What is the remainder when 157414 is divided by 52468?
10
Calculate the remainder when 1099491 is divided by 23.
22
What is the remainder when 19209 is divided by 99?
3
What is the remainder when 467 is divided by 73?
29
Calculate the remainder when 5627 is divided by 313.
306
Calculate the remainder when 5977 is divided by 254.
135
What is the remainder when 5696 is divided by 709?
24
Calculate the remainder when 28823 is divided by 25.
23
Calculate the remainder when 823406 is divided by 68616.
14
What is the remainder when 86 is divided by 7?
2
What is the remainder when 14518 is divided by 1827?
1729
What is the remainder when 399866 is divided by 48?
26
What is the remainder when 6469 is divided by 295?
274
What is the remainder when 785 is divided by 9?
2
Calculate the remainder when 1541 is divided by 1296.
245
What is the remainder when 43834 is divided by 52?
50
Calculate the remainder when 10568 is divided by 458.
34
What is the remainder when 8182 is divided by 1064?
734
Calculate the remainder when 131603 is divided by 37.
31
What is the remainder when 136585 is divided by 102?
7
Calculate the remainder when 18086 is divided by 6026.
8
Calculate the remainder when 55102 is divided by 287.
285
What is the remainder when 58924 is divided by 69?
67
What is the remainder when 2665 is divided by 190?
5
What is the remainder when 52304 is divided by 17295?
419
What is the remainder when 809 is divided by 342?
125
Calculate the remainder when 48431 is divided by 20.
11
Calculate the remainder when 1355 is divided by 862.
493
Calculate the remainder when 121613 is divided by 10.
3
What is the remainder when 1320 is divided by 1278?
42
Calculate the remainder when 2800269 is divided by 227.
224
Calculate the remainder when 249312 is divided by 141.
24
Calculate the remainder when 8662 is divided by 8659.
3
Calculate the remainder when 66195 is divided by 40.
35
What is the remainder when 39080 is divided by 831?
23
Calculate the remainder when 612458 is divided by 204151.
5
Calculate the remainder when 12575 is divided by 40.
15
What is the remainder when 517 is divided by 67?
48
Calculate the remainder when 5873 is divided by 1357.
445
What is the remainder when 209759 is divided by 380?
379
Calculate the remainder when 1530239 is divided by 84.
11
Calculate the remainder when 18362 is divided by 270.
2
What is the remainder when 928558 is divided by 424?
422
Calculate the remainder when 17427 is divided by 161.
39
What is the remainder when 4493 is divided by 189?
146
Calculate the remainder when 386074 is divided by 46.
42
What is the remainder when 7909822 is divided by 78?
76
Calculate the remainder when 826788 is divided by 413381.
26
Calculate the remainder when 923654 is divided by 771.
767
What is the remainder when 247061 is divided by 6?
5
What is the remainder when 322844 is divided by 472?
468
Calculate the remainder when 2548 is divided by 296.
180
What is the remainder when 541 is divided by 494?
47
What is the remainder when 84277 is divided by 280?
277
Calculate the remainder when 174913 is divided by 40.
33
What is the remainder when 66176 is divided by 57?
56
Calculate the remainder when 717438 is divided by 40.
38
What is the remainder when 15634 is divided by 3903?
22
Calculate the remainder when 8980 is divided by 115.
10
What is the remainder when 78169 is divided by 39079?
11
Calculate the remainder when 24163 is divided by 322.
13
Calculate the remainder when 120769 is divided by 109.
106
What is the remainder when 2344 is divided by 1160?
24
Calculate the remainder when 7678 is divided by 35.
13
Calculate the remainder when 402279 is divided by 134090.
9
Calculate the remainder when 3376 is divided by 1632.
112
Calculate the remainder when 20633 is divided by 6874.
11
Calculate the remainder when 58078 is divided by 11.
9
Calculate the remainder when 1128 is divided by 400.
328
Calculate the remainder when 10198 is divided by 443.
9
Calculate the remainder when 81625 is divided by 4081.
5
What is the remainder when 9855 is divided by 395?
375
What is the remainder when 92365 is divided by 23088?
13
What is the remainder when 2718 is divided by 144?
126
Calculate the remainder when 139780 is divided by 139728.
52
Calculate the remainder when 7127 is divided by 6915.
212
Calculate the remainder when 11260 is divided by 279.
100
Calculate the remainder when 41983 is divided by 166.
151
What is the remainder when 112197 is divided by 738?
21
What is the remainder when 35940 is divided by 817?
809
Calculate the remainder when 632 is divided by 62.
12
What is the remainder when 1411 is divided by 901?
510
What is the remainder when 51013 is divided by 1275?
13
Calculate the remainder when 65252 is divided by 146.
136
What is the remainder when 26043 is divided by 8675?
18
What is the remainder when 14953 is divided by 253?
26
What is the remainder when 11636 is divided by 77?
9
Calculate the remainder when 649806 is divided by 33.
3
Calculate the remainder when 61902 is divided by 10312.
30
What is the remainder when 23291 is divided by 43?
28
Calculate the remainder when 70765 is divided by 3074.
63
What is the remainder when 448 is divided by 63?
7
What is the remainder when 20496 is divided by 976?
0
Calculate the remainder when 3363 is divided by 153.
150
Calculate the remainder when 479 is divided by 7.
3
Calculate the remainder when 1452 is divided by 26.
22
What is the remainder when 6569 is divided by 122?
103
Calculate the remainder when 87044 is divided by 569.
556
Calculate the remainder when 270081 is divided by 571.
569
What is the remainder when 7693 is divided by 981?
826
What is the remainder when 1346 is divided by 235?
171
Calculate the remainder when 1926664